is divided by 240?
49
Let g = -759 + 817. Suppose -g = -5*h + 42. What is the remainder when 278 is divided by h?
18
Let t = 355 + -29. Let l = t - 289. Calculate the remainder when 139 is divided by l.
28
Suppose 5 = 5*n + 30. Let s(m) = -m**3 - m**2 + 6*m - 2. Suppose 39 = 2*l + 3*w, 0 = -5*l - 5*w + w + 94. What is the remainder when s(n) is divided by l?
14
Let h = 5229 + -5190. What is the remainder when 152 is divided by h?
35
Let a be 441/7 - (-1 + -2). Suppose 4*x + r = 329, -x + 11*r - 8*r = -a. What is the remainder when x is divided by 14?
11
Suppose 7 = -3*u + 55. Let c(z) = 2*z**2 + 9*z - 9. Calculate the remainder when c(6) is divided by 819/28 - (-12)/u.
27
Suppose -2*s = -s - 2. What is the remainder when (-1158)/(-60) + (-21)/70 is divided by -3 - -13 - s/(-2)?
8
Suppose 4*n - 64 - 20 = 0. Let g(j) = j**3 + 22*j**2 - 15*j + 192. What is the remainder when n is divided by g(-23)?
5
Let l = -8731 + 8733. What is the remainder when 1459 is divided by l?
1
Let m = 10 + 17. Suppose -i - i = -346. Let u = i - 122. What is the remainder when u is divided by m?
24
Let s(j) = 6*j**2 + 3*j - 14. Let c(r) = -r**2 + r + 1. Let d(g) = 4*c(g) + s(g). Let m be d(-6). What is the remainder when 2*-1*(-310)/m is divided by 4?
3
Let f = 47 + -22. Calculate the remainder when 4/10 - 3663/(-55) is divided by f.
17
Let t(b) = 10*b**3 + 6*b**2 - 6*b - 2. Let n be t(3). Let l = 335 - n. What is the remainder when l is divided by 16?
15
Let f = 18 - 8. Let a be (-6153)/35 + (-3)/15. Let i = -57 - a. Calculate the remainder when i is divided by f.
9
Let g = -425 + 92. What is the remainder when g*((-20)/(-12) + -2) is divided by 38?
35
Suppose -3 = -6*v + 273. Suppose v*u - 47*u = -53. Calculate the remainder when u is divided by 20.
13
Let a(p) = 9*p**2 + 3*p. Let v be a(-1). Suppose k + 6*w + 4 = w, k = 5*w + v. What is the remainder when 4 is divided by k?
0
Suppose 63*q + 1799 = 5831. Calculate the remainder when 638 is divided by q.
62
Let w = -7040 - -7129. Let r = -38 + 83. Suppose 2*u + 15 - r = 0. Calculate the remainder when w is divided by u.
14
Let q be 308/66*288/14. Let u = 135 - q. What is the remainder when 110 is divided by u?
32
Let p = 460 + -456. Calculate the remainder when (-4)/2 - 3*-4 is divided by p.
2
Suppose -7*k - 3136 = -4312. What is the remainder when k is divided by 50?
18
Let u = -13 - -7. Suppose -5*h = 2*l - 7*l - 220, 3*l = h - 42. What is the remainder when h is divided by (1 - 7)/(u/24)?
21
Let j = -4969 - -4980. Let a be ((-8)/10)/(-2)*5. Suppose -j*y + 42 = -a. Calculate the remainder when y is divided by 4.
0
Suppose 0 = 11*i - 46 - 273. What is the remainder when 643 is divided by i?
5
Let l be (-32)/(-14) + 6/(-21). Suppose x + l*j + 2*j - 20 = 0, 4*j = -8. Calculate the remainder when x is divided by (15/(-10) - -5)*64/28.
4
Let g(k) = -10*k + 48. Suppose -3*b = -4*v - 9, 10*b = -3*v + 8*b - 28. Calculate the remainder when g(v) is divided by 58.
50
Let r(p) = -p + 1. Let s be r(-1). Let a be (-9)/(-6) + 1857/s. What is the remainder when 24/20*a/9 is divided by 32?
28
Let u(y) = -3*y**3 - 3*y**2 - 7*y - 5. Let r be u(-8). Suppose 17*p - 2*p = r. Calculate the remainder when p is divided by 8.
5
Suppose -14*x + 20412 = -4918 - 416. Calculate the remainder when x is divided by 103.
88
Let o(n) = n**3 - 3*n**2 - 5. Suppose -679 = 9*x - 12*x + 4*i, -3*i - 675 = -3*x. Calculate the remainder when x is divided by o(5).
41
Calculate the remainder when -5*(-2)/5*1896/48 is divided by 18.
7
Let f = 5203 - 4864. What is the remainder when 3049 is divided by f?
337
Let g(a) = 6*a**2 - 2*a - 3. Let l be -10*8/((-16)/3). Suppose l*q - 16*q + 14 = 0. Calculate the remainder when g(-2) is divided by q.
11
Let j(s) = 447*s - 11813. Let h = -53 - -119. Calculate the remainder when j(27) is divided by h.
58
Let h = -3 - -12. Let f(o) = 5*o + 0*o - 8 - o**3 + 8*o**2 + 2*o + 4*o. Calculate the remainder when f(h) is divided by 3.
1
Suppose -27*x = -30*x + 3*w + 33, -10 = -5*w. Suppose -3*b + 25 + 98 = 0. What is the remainder when b is divided by x?
2
Calculate the remainder when 801 is divided by (-11874)/(-30) - (24/20 - (-28)/(-20)).
9
Let k = -177 - -178. What is the remainder when 97 is divided by ((-175)/(-28))/k*4?
22
What is the remainder when 2/8*70384/20 - (-1)/5 is divided by 9?
7
Let k(q) = 3*q**2 - q + 10. Suppose -5*l - 10 = 0, 9*d - 12*d + 19 = -2*l. Calculate the remainder when k(d) is divided by 23.
11
Suppose q - 5*f - 497 = 0, -2 = -2*f + 2. Let w = -477 + q. What is the remainder when 179 is divided by w?
29
Suppose -24 = -138*w + 126*w - 0. What is the remainder when 579 is divided by w?
1
Let n(x) = -9*x - 10. Let k be (-4)/(-10) + (-870)/50. Calculate the remainder when n(-7) is divided by (-7 - k) + (-1 - -2).
9
Let a = 73 + -12. Suppose 0 = 2*g + 15 - a. Calculate the remainder when g is divided by 1785/170 - (-7)/2.
9
Let k be (-1)/3*(-14 + -1). Let s = -632 - -677. What is the remainder when 10 is divided by 18/s + ((-99)/k)/(-3)?
3
Suppose 3*m + 16 = -35. Calculate the remainder when 151 is divided by 39/(-12)*(m - -5).
34
Let f = -298651 + 298667. Let s = 663 + -442. Calculate the remainder when s is divided by f.
13
Let m = 534 - 531. Suppose 59 = 6*q - 3*q - r, -m*q + 4*r = -65. Calculate the remainder when 204 is divided by q.
14
Let i(c) = -c + 37. What is the remainder when (-18)/6*164/(-6) is divided by i(30)?
5
Suppose 35*x + 4 = 37*x. Suppose -x*l + 5*z = -18, 0*l + 17 = 3*l - 5*z. Calculate the remainder when 73 is divided by 4 + (10 - (-2 - l)).
13
Let z(b) = b**3 + 37*b**2 + b - 1071. Calculate the remainder when z(-36) is divided by 138.
51
Let g = 137 + -134. Suppose -8*k + 186 = 2*i - 6*k, -g*i = -3*k - 267. What is the remainder when i - (3 + 0 + 1) is divided by 18?
15
Let g = -5 - -13. Let i(y) = -y**3 + 11*y**2 - 3*y + 9. Let n(b) = b**2 - b. Let k(s) = -i(s) + 4*n(s). Calculate the remainder when k(g) is divided by 24.
23
Suppose -438 = -j - 105*q + 103*q, 0 = 3*j - 5*q - 1369. What is the remainder when j is divided by 11?
8
Let z = 8 - 5. Let w(y) = 22*y. Let b(p) = 3*p + 1. Let g(f) = 7*b(f) - w(f). What is the remainder when 6 is divided by g(z)?
2
Let x(l) = 2*l + 19. Let n = 12 + -19. Let h be x(n). Suppose h*o - 749 = -3*d, o + 0*o - 5*d = 161. Calculate the remainder when o is divided by 38.
37
Let n be (5/(-5))/(132/(-129) + 1). Suppose -2*s = -n - 173. What is the remainder when (s/5)/(15/75) is divided by 28?
24
Let q = 24 + -58. Calculate the remainder when 41 is divided by 2 - (-2 - 2*q/(-4)).
20
Suppose -20545 = -108*j + 171803. What is the remainder when j is divided by 18?
17
Let f = 27 - 75. Let y = -2023 - -2052. Calculate the remainder when y is divided by f/(-6)*(0 - -1).
5
Let c = 11022 + -10770. Calculate the remainder when 785 is divided by c.
29
What is the remainder when 376 is divided by (5/15)/(5/1005) + -4?
61
Let k(m) = -77*m - 1158. What is the remainder when 217 is divided by k(-16)?
69
Suppose -11*r + 262 = 31. Suppose h + 5 = 3*f + 3*h, 4*f + 2*h = 6. What is the remainder when r is divided by (14 - f)/(-8 - -9)?
8
Suppose 37081*q + 1470 = 37102*q. What is the remainder when 4268 is divided by q?
68
Let v = -5415 + 5617. What is the remainder when 2418 is divided by v?
196
Let z(m) = -m**3 - 4*m**2 + 5*m + 24. Let f = 49 + -50. Let k(a) = 5*a - 1. Let n be k(f). What is the remainder when z(n) is divided by 23?
20
Calculate the remainder when 1152 + 6 + 1 - -8 is divided by 98.
89
Let u be (-2)/(-26) - (-5566)/143. Suppose -3*x - u = -3*w, -13 - 47 = -3*w - 4*x. What is the remainder when w is divided by 9/4*(-24)/(-9)?
4
Let l(c) = 69*c + 2050. Calculate the remainder when 255 is divided by l(-29).
10
Let d be -18 + 109 - (4 + 1 + -2). Suppose 100 = 4*q + d. Let v = 6 + -4. Calculate the remainder when q is divided by v.
1
Let f = 24 + -8. Suppose 388 = -123*v + 1741. Calculate the remainder when f is divided by v.
5
Let y(j) = 14*j - 166. Let p be y(12). Suppose 5*f - 72 = -z, -p*f - 2*f = -20. Calculate the remainder when 86 is divided by z.
39
Suppose -2*p + 2174 = 4*w, -2737 = -3*w - 2*w + 4*p. Let b = 562 - w. Calculate the remainder when b is divided by 13.
4
Suppose -80 = -4*j + 5*x, -3 = 2*j - 5*x - 33. Suppose 3*n + 13 - j = 0. Supp